*2 - 9*f. Let h be x(5). Is z(h) a multiple of 17?
False
Let q = -18367 - -26487. Is q a multiple of 116?
True
Let u = 30632 - 27023. Does 9 divide u?
True
Let m = 88883 + -52699. Does 7 divide m?
False
Let z(l) = 41*l - 11. Let y(j) = -123*j + 33. Let a(o) = 6*y(o) + 17*z(o). Let c be 3/(12/(-16)) + -1. Is a(c) a multiple of 18?
True
Suppose s - 7*s + 54 = 0. Let x be (24/10)/((-6)/(-20)). Suppose 9 = s*y - x*y. Is 2 a factor of y?
False
Let n(t) be the third derivative of -t**5/60 - 11*t**4/24 + 7*t**3/2 - 10*t**2. Let g be n(-8). Suppose 0 = -g*o + 40*o + 1050. Does 42 divide o?
True
Let t = 25 + -58. Let j = t - -260. Is j/(-4)*-1 + 21/84 a multiple of 57?
True
Suppose -14 = -9*c + 7*c. Suppose c*s - 19 = -341. Is 20 a factor of ((-3 - -3) + s)*-1?
False
Suppose 0 = -6*b - 5*b + 143. Suppose -276 = w - b*w. Does 4 divide w?
False
Suppose 297 = g - 1005 - 498. Is g a multiple of 5?
True
Let r = 0 - -7. Let i = 7434 + -7427. Is 2/r + 831/i a multiple of 17?
True
Suppose 655 = 3*l + l + 5*d, -327 = -2*l - 3*d. Let z = -138 + l. Is 15 a factor of z?
False
Let w(r) = r**2 - 13*r - 20. Let i be w(14). Let s(f) = -3*f - 8. Does 7 divide s(i)?
False
Let m(z) = z**3 - 2*z**2 - 29*z - 3. Let w be (16/(-10))/(28/70). Let f be m(w). Suppose -2*a = -63 - f. Does 3 divide a?
False
Let o be 233*12/6*(-2)/4. Let d = 97 - o. Is 15 a factor of d?
True
Suppose -3*q = -2*s - 40194, -4*s + 13*s + 26796 = 2*q. Is 22 a factor of q?
True
Let y(j) = 25*j + 3*j**3 - 3*j**3 + j**3 - 62 - 29*j**2 - 7*j. Does 14 divide y(29)?
False
Suppose 2*d - 15 = s, -11*s + 20 = 5*d - 10*s. Let p(g) = 70*g - 44. Is p(d) a multiple of 17?
True
Let t be 15/8 + 16/128. Suppose -4*l = 4*v - 80, -3*l + 4*l + t*v - 23 = 0. Is 8 a factor of l?
False
Let z = 1041 + -846. Suppose -4*k = -4*h + 1563 - 91, 2*k + 1843 = 5*h. Let t = h - z. Does 17 divide t?
False
Let y(o) = 2266*o**2 - 20*o - 3. Does 47 divide y(1)?
False
Let v(l) = -59*l + 67. Let a(n) = n**3 - 36*n**2 - 41*n + 147. Let z be a(37). Does 8 divide v(z)?
False
Let w = -69 + 71. Let p be w/4 + (39/6 - 3). Suppose 113 = u + p*b + b, -4*b + 284 = 3*u. Is u a multiple of 11?
True
Suppose 8730 = -181*o + 187*o. Is 97 a factor of o?
True
Let s be 7 + (-3 - -3) - 1. Is 73 + -2 + (s - (0 + 8)) a multiple of 5?
False
Does 41 divide (-6 + 9)/(88360/(-12625) - -7)?
False
Suppose -3*g = 3*m - 69, -3*m - 25 = g - 86. Suppose 0 = 25*p - m*p - 1566. Does 4 divide p?
False
Let b be -1 + 43 + -82 + 78. Is ((-450)/(-4))/(19/b) a multiple of 25?
True
Let q = 33186 - -25900. Is 18 a factor of q?
False
Let c = 5824 + 4855. Is c a multiple of 36?
False
Let v(h) = -h**3 - 5*h**2 - 2*h - 5. Let n be v(-5). Suppose t - n*w - 7 = 155, 4*w - 955 = -5*t. Let d = t - 134. Is d a multiple of 8?
False
Let f = 30459 + -21117. Is 173 a factor of f?
True
Let m = -138 - -263. Let c = 461 - m. Is c a multiple of 42?
True
Let h = 1 + 307. Suppose 4*n = 2*o - h, -5*n + 293 = 3*o - 114. Is 16 a factor of o?
True
Let b(q) = 4*q**2 - 353*q + 15533. Is b(0) a multiple of 15?
False
Does 16 divide (-51388)/(-812) - (-4)/(-14)?
False
Let p(t) = 12*t**2 - 62*t + 260. Does 28 divide p(-18)?
True
Suppose -36014 = -4*h + 3*a - 13091, -4*a + 28677 = 5*h. Does 107 divide h?
False
Let k(a) = 15*a - 19. Suppose -c - 98 = -104. Is 3 a factor of k(c)?
False
Let j = 26502 - 17601. Does 19 divide j?
False
Let b be -3 + 8/2 + -2 + 201. Suppose -11*q = -q - b. Suppose 0 = -4*k - 4*l + 6*l + q, 4*l - 44 = -4*k. Is 2 a factor of k?
False
Let u(x) be the first derivative of 7*x**3/3 + 6*x**2 - 49*x + 202. Is u(-12) a multiple of 12?
False
Let v = 26 - 19. Let c be (1/3*1)/((-4)/(-24)). Suppose -4*x = -v*x, -c*x = -2*m + 220. Is m a multiple of 55?
True
Suppose -21*w + 3405 = -6*w. Let x(b) = -101*b**3 + b**2 - b. Let j be x(1). Let a = j + w. Is a a multiple of 14?
True
Let r(k) = -k**3 + 7*k**2 - 4*k - 5. Let x be r(6). Let q(d) = -3*d**3 + 4*d**2 - 6*d + 3. Let h be q(1). Does 12 divide ((-24)/(-9))/(1/(x - h))?
True
Let a be (-2)/(4/10) - -19. Suppose -20 = g - a. Is 4 a factor of (-28)/g*(-6)/(-1)?
True
Suppose 0 = 6*u + 138 - 156. Suppose -134 - 2028 = -2*m + s, u*s = -2*m + 2162. Does 14 divide m?
False
Let s(x) = 430 - 9 - 177 + 177*x - 108. Is s(3) a multiple of 29?
True
Suppose 4*y + 583 + 3757 = 4*j, -j + 5*y = -1081. Is 2 a factor of j?
True
Suppose 3*u = 4*u + 4, -4*z + 3*u = 12. Let r be (-15)/z*((-141)/(-15) - -1). Suppose 19*b + 1827 = r*b. Is b a multiple of 18?
False
Does 15 divide (29 - -1)*215*342/180?
True
Let u = -47 - 20. Let v = 130 + u. Let w = v + 51. Does 6 divide w?
True
Suppose 3096 + 818 = -19*j. Let k = j + 239. Is 3 a factor of k?
True
Let t(y) = -14*y - 22. Let g = -126 + 117. Is t(g) a multiple of 8?
True
Let k = 43498 - 11896. Is 46 a factor of k?
True
Suppose 3*t - 5*q = -807, 3*q = -2*t - 2*q - 513. Suppose -2*r - 4*i + 832 = 0, 5*i = -2*r + 489 + 344. Let w = t + r. Does 21 divide w?
False
Let n be 8/12 + (-9)/((-108)/8920). Let x = n + -709. Is 7 a factor of x?
True
Suppose 5*y = -3*c + 6738, 5*c + 0*c = 4*y + 11267. Suppose 10 = 2*n, -2*k - n = -c + 708. Is k a multiple of 63?
False
Suppose 0 = -219*w + 147*w + 1527984. Is 27 a factor of w?
True
Suppose -9*a = -10*a + 4. Suppose -2*t - t = 3*q, -2*t + a*q + 24 = 0. Suppose t*r = 660 + 76. Is 14 a factor of r?
False
Suppose -3*x + 3*y = 150, 0 = 2*x + 3*x - 3*y + 240. Let i be (1/2 - 2)/(x/120). Suppose -5*b - 4*f + 209 = 0, i*b = -f + 2*f + 163. Does 6 divide b?
False
Let k(q) = -1. Let s(j) = j - 25. Let g(z) = 5*k(z) - s(z). Let w be g(18). Suppose -4*l = 3*t - l - 138, -w*t + 87 = -3*l. Does 15 divide t?
True
Suppose -6*s + 148 = -2*s. Suppose -s*o - 552 = -40*o. Does 20 divide o?
False
Let d(j) = -j**3 - 2*j + 2. Suppose 0 = -5*k + 6 - 1, -1 = 2*b - k. Let o be d(b). Is 16 a factor of 40*o*(-2)/(-4)*2?
True
Let w(o) = 8 + 15*o**2 + 5 - 21*o - 16. Is w(4) a multiple of 3?
True
Suppose -183*q = -180*q - 48. Suppose q*r - 64 = 16. Suppose -r*x = -89 - 146. Is 10 a factor of x?
False
Let n(u) = -7*u - 33. Let x = 23 - 28. Let j be n(x). Does 20 divide (22 - j)/(-2 + (-15)/(-7))?
True
Suppose -4*j + 3626 = -3*j. Suppose 16*z = 2*z + j. Is z a multiple of 37?
True
Let j(a) = 31*a**2 - 318*a - 7636. Does 84 divide j(-24)?
False
Suppose 0 = 5*q + i - 277, 0*q + 2*q = -5*i + 97. Suppose 0 = 53*c - q*c + 1407. Is 21 a factor of c?
False
Let b be 6/15 - 804/(-15). Let j = b + -23. Suppose -27*d = -j*d + 592. Is 37 a factor of d?
True
Let m = -125 + 320. Let s = m - 126. Suppose -s = -t - 0*t. Is 7 a factor of t?
False
Let o = -22781 + 45085. Is 272 a factor of o?
True
Suppose -5*n - 5*p = -30, -3*n - 5*p + 0*p = -24. Is 1/n*(2471 + 19) a multiple of 75?
False
Let o be (-3 + 4)*(-9)/(-1). Suppose -11*q = -o*q - 2, -s + 9 = 5*q. Is 4 a factor of (-2)/s*(2 + 0 + -92)?
False
Does 64 divide ((-54)/108)/((-2)/87148)?
False
Let v = 481 + -383. Suppose -1946 = -14*h - v. Is h a multiple of 11?
True
Let v(y) = 3*y**2 + 87*y + 1130. Does 14 divide v(-12)?
True
Let c(d) = -490*d + 2660. Is 56 a factor of c(-14)?
True
Let z(y) = -2*y**2 + 58*y + 215. Does 85 divide z(10)?
True
Suppose -5926 = -5*y + 2*g, -31*y + 2353 = -29*y + 5*g. Is y a multiple of 9?
False
Does 38 divide (-63)/147*4/(20/(-83405))?
False
Let t(f) = 760*f**3 + 2*f**2 - 3*f + 2. Let c be t(1). Suppose 4*z + 368 = s, 2*z = 4*s - c - 767. Is 29 a factor of s?
False
Let r(f) = -f**3 - 9*f**2 + 20*f + 28. Suppose -11*b + 49 = 5. Let g be (b + 1)*(-180)/75. Is r(g) a multiple of 32?
False
Let x = -22 + 27. Suppose 2*l + x*t + 22 = 5*l, 0 = 5*l - 3*t - 42. Suppose 4*o - 67 = f, l = o - 2*f + 1. Is o a multiple of 18?
True
Suppose -1139489 - 679867 = -66*f. Is 11 a factor of f?
True
Suppose 0 = -5*s + 5142 - 402. Suppose 3*r = 7*r - s. Suppose 3*b = 3*w - 0*b - r, -2*w + b = -154. Is 15 a factor of w?
True
Suppose 38*d = 27 + 163. Suppose -5*i + 1624 = 2*q, 0*i - 1624 = -2*q + d*i. Does 58 divide q?
True
Let w = -3260 - -9141. Is 13 a factor of w?
False
Let t = 13370 - 11498. Is t a multiple of 4?
True
Let r(m) = m + 21. Let c be r(-17). Let b be ((-224)/(-70))/(c/230) + 0. Let o = b - 45. Is o a multiple of 43?
False
Suppose r + 113493 = 3*o, 28*r - 33*r - 189185 = -5*o. Does 98 divide o?
True
Let q(u) = 1386*u**2 - 176*u + 849. Does 84 divide q(5)?
Fal